sands digit of 6470386?
0
What is the thousands digit of 103885?
3
What is the millions digit of 6419069?
6
What is the hundreds digit of 13649?
6
What is the ten thousands digit of 6124421?
2
What is the ten thousands digit of 348217?
4
What is the units digit of 8004513?
3
What is the hundred thousands digit of 308730?
3
What is the tens digit of 5280524?
2
What is the units digit of 796647?
7
What is the millions digit of 9605817?
9
What is the hundreds digit of 688648?
6
What is the hundred thousands digit of 11621624?
6
What is the tens digit of 34964?
6
What is the units digit of 451132?
2
What is the hundreds digit of 130613?
6
What is the tens digit of 15383531?
3
What is the millions digit of 2708455?
2
What is the units digit of 63308?
8
What is the tens digit of 111726?
2
What is the hundred thousands digit of 207204?
2
What is the hundred thousands digit of 615653?
6
What is the hundred thousands digit of 2334169?
3
What is the millions digit of 9031995?
9
What is the hundreds digit of 2129101?
1
What is the millions digit of 1421919?
1
What is the hundreds digit of 246638?
6
What is the hundred thousands digit of 101760?
1
What is the hundred thousands digit of 8925555?
9
What is the units digit of 465812?
2
What is the hundreds digit of 7082507?
5
What is the units digit of 259779?
9
What is the ten thousands digit of 3929107?
2
What is the tens digit of 6990737?
3
What is the hundreds digit of 4839807?
8
What is the ten thousands digit of 6365716?
6
What is the ten thousands digit of 724392?
2
What is the thousands digit of 163691?
3
What is the hundreds digit of 531222?
2
What is the hundreds digit of 268015?
0
What is the ten thousands digit of 1749509?
4
What is the thousands digit of 7689190?
9
What is the millions digit of 4171735?
4
What is the ten thousands digit of 630015?
3
What is the ten thousands digit of 1934771?
3
What is the hundred thousands digit of 545324?
5
What is the hundreds digit of 7261150?
1
What is the millions digit of 7919532?
7
What is the tens digit of 1069222?
2
What is the tens digit of 16887047?
4
What is the millions digit of 3569053?
3
What is the ten millions digit of 13369250?
1
What is the hundred thousands digit of 187819?
1
What is the thousands digit of 297697?
7
What is the hundreds digit of 979031?
0
What is the hundred thousands digit of 3551146?
5
What is the thousands digit of 39014?
9
What is the thousands digit of 1598636?
8
What is the units digit of 11501432?
2
What is the hundreds digit of 3383674?
6
What is the ten thousands digit of 24544?
2
What is the thousands digit of 420103?
0
What is the units digit of 644371?
1
What is the hundreds digit of 2022989?
9
What is the tens digit of 244611?
1
What is the millions digit of 3390541?
3
What is the tens digit of 49157?
5
What is the units digit of 1086173?
3
What is the tens digit of 1220442?
4
What is the hundred thousands digit of 266837?
2
What is the ten thousands digit of 107984?
0
What is the millions digit of 1601342?
1
What is the tens digit of 275815?
1
What is the hundred thousands digit of 3860872?
8
What is the hundreds digit of 3021?
0
What is the hundred thousands digit of 1033723?
0
What is the millions digit of 2265962?
2
What is the tens digit of 315466?
6
What is the thousands digit of 2694998?
4
What is the units digit of 824685?
5
What is the thousands digit of 26797813?
7
What is the millions digit of 5970532?
5
What is the ten thousands digit of 4317787?
1
What is the ten thousands digit of 12818801?
1
What is the thousands digit of 2562612?
2
What is the thousands digit of 28999?
8
What is the hundreds digit of 1717020?
0
What is the ten millions digit of 28467625?
2
What is the ten thousands digit of 144676?
4
What is the units digit of 3136256?
6
What is the tens digit of 19414858?
5
What is the hundreds digit of 7932747?
7
What is the thousands digit of 331537?
1
What is the hundreds digit of 4335277?
2
What is the ten thousands digit of 3991436?
9
What is the units digit of 2689301?
1
What is the thousands digit of 109742?
9
What is the hundreds digit of 408495?
4
What is the tens digit of 1079326?
2
What is the hundreds digit of 3528448?
4
What is the thousands digit of 6399013?
9
What is the hundred thousands digit of 296894?
2
What is the tens digit of 526907?
0
What is the tens digit of 201849?
4
What is the units digit of 16363?
3
What is the hundred thousands digit of 696109?
6
What is the ten thousands digit of 404154?
0
What is the ten millions digit of 11521486?
1
What is the tens digit of 197631?
3
What is the tens digit of 187647?
4
What is the units digit of 155542?
2
What is the hundreds digit of 144576?
5
What is the millions digit of 8698749?
8
What is the millions digit of 6993677?
6
What is the units digit of 39665?
5
What is the tens digit of 19973094?
9
What is the hundred thousands digit of 368990?
3
What is the units digit of 100951?
1
What is the hundred thousands digit of 333075?
3
What is the hundreds digit of 2345456?
4
What is the hundred thousands digit of 38147749?
1
What is the thousands digit of 101523?
1
What is the thousands digit of 536128?
6
What is the millions digit of 1655906?
1
What is the ten thousands digit of 715707?
1
What is the ten thousands digit of 209269?
0
What is the hundred thousands digit of 288982?
2
What is the units digit of 118238?
8
What is the ten thousands digit of 68198?
6
What is the ten thousands digit of 799015?
9
What is the ten thousands digit of 1583327?
8
What is the thousands digit of 1655792?
5
What is the thousands digit of 15774154?
4
What is the thousands digit of 1813152?
3
What is the tens digit of 879917?
1
What is the millions digit of 3484441?
3
What is the units digit of 65052?
2
What is the hundreds digit of 1697053?
0
What is the thousands digit of 1426193?
6
What is the units digit of 734993?
3
What is the units digit of 5463837?
7
What is the tens digit of 441953?
5
What is the thousands digit of 10015299?
5
What is the millions digit of 14570261?
4
What is the tens digit of 2004566?
6
What is the units digit of 1574758?
8
What is the thousands digit of 233857?
3
What is the hundred thousands digit of 11706683?
7
What is the hundreds digit of 30021229?
2
What is the hundreds digit of 616207?
2
What is the hundred thousands digit of 1411815?
4
What is the units digit of 1899783?
3
What is the hundreds digit of 1636385?
3
What is the units digit of 6039126?
6
What is the thousands digit of 168834?
8
What is the ten thousands digit of 7621322?
2
What is the thousands digit of 66658?
6
What is the ten thousands digit of 179605?
7
What is the ten thousands digit of 133983?
3
What is the units digit of 181364?
4
What is the hundreds digit of 595545?
5
What is the units digit of 1283522?
2
What is the units digit of 525297?
7
What is the ten thousands digit of 13415907?
1
What is the units digit of 278336?
6
What is the units digit of 42719128?
8
What is the ten thousands digit of 63452?
6
What is the ten thousands digit of 866796?
6
What is the hundreds digit of 200053?
0
What is the millions digit of 3511134?
3
What is the units digit of 725407?
7
What is the units digit of 209914?
4
What is the millions digit of 10362344?
0
What is the ten millions digit of 11905168?
1
What is the thousands digit of 394998?
4
What is the tens digit of 372061?
6
What is the hundred thousands digit of 206971?
2
What is the units digit of 9028196?
6
What is the units digit of 20877442?
2
What is the tens digit of 1600667?
6
What is the units digit of 474378?
8
What is the tens digit of 187014?
1
What is the tens digit of 809222?
2
What is the millions digit of 10581971?
0
What is the millions digit of 11993282?
1
What is the hundred thousands digit of 15082851?
0
What is the thousands digit of 164923?
4
What is the hundred thousands digit of 261035?
2
What is the millions digit of 1763989?
1
What is the tens digit of 169930?
3
What is the thousands digit of 615778?
5
What is the hundred thousands digit of 1071904?
0
What is the ten thousands digit of 13365645?
6
What is the hundred thousands digit of 100160?
1
What is the hundreds digit of 3771668?
6
What is the ten thousands digit of 356135?
5
What is the hundred thousands digit of 3202059?
